 in base 8?
-1371475
12001100323 (base 4) to base 16
18143b
1727c55 (base 13) to base 3
112010001200210
What is -4600235 (base 7) in base 15?
-b4542
What is -3b8340 (base 14) in base 16?
-1f6994
What is -3554035 (base 6) in base 2?
-101101011101100111
Convert -530015 (base 6) to base 2.
-1010011100011011
Convert 17f57 (base 16) to base 14.
27a99
What is -472580 (base 11) in base 6?
-24024234
Convert 83b12 (base 12) to base 3.
22202212012
-240250 (base 8) to base 4
-110002220
-2df7d (base 16) to base 8
-557575
What is b8510 (base 12) in base 5?
30231102
Convert 38a3127 (base 13) to base 11.
a019789
12724 (base 14) to base 11
3104a
-11010110100100111 (base 2) to base 5
-12003423
What is 311120222 (base 4) in base 11?
13a318
What is 13310240 (base 6) in base 9?
746816
-11660434 (base 8) to base 10
-2580764
What is 323241110 (base 5) in base 7?
14522465
What is -1100211110222 (base 3) in base 2?
-10110000111111110000
What is -321142420 (base 5) in base 13?
-38347a
Convert -306239 (base 11) to base 12.
-1b847b
6571451 (base 8) to base 10
1766185
What is 433243210 (base 5) in base 6?
103414214
Convert 2ba7b (base 15) to base 13.
4c0a3
What is -151648 (base 10) in base 11?
-a3a32
Convert 1274911 (base 11) to base 14.
41498b
221110131232 (base 4) to base 9
22338301
Convert 103333343 (base 6) to base 10.
1847583
1101011010101000111100 (base 2) to base 16
35aa3c
Convert -2245302 (base 9) to base 12.
-4a4a62
Convert 210231212 (base 4) to base 12.
73032
-249403 (base 13) to base 11
-54a12a
-10010011100101111011 (base 2) to base 11
-383221
What is -6298 (base 10) in base 14?
-241c
Convert -3868042 (base 9) to base 16.
-2039cf
113320233 (base 4) to base 10
97839
Convert 2001133 (base 4) to base 8.
20137
3222103112 (base 4) to base 13
277a93
-6d902 (base 15) to base 11
-219776
What is 430177 (base 9) in base 8?
764036
32103221 (base 4) to base 12
29ab5
What is -15e699 (base 16) in base 9?
-2626755
Convert 22126466 (base 7) to base 6.
104505235
649a77 (base 11) to base 6
34130115
What is 690bc (base 13) in base 3?
100201101222
Convert -1040021 (base 6) to base 10.
-51853
What is 48bb1 (base 14) in base 11?
111752
Convert -103134012 (base 5) to base 10.
-443007
-11110010110110101111 (base 2) to base 7
-11312050
What is 35202 (base 13) in base 7?
552552
4787272 (base 9) to base 12
a52a25
13231000 (base 5) to base 4
200202002
1825454 (base 9) to base 5
230132343
What is -1111122000000 (base 3) in base 13?
-220005
Convert 230122 (base 8) to base 4.
103001102
What is 102204300 (base 5) in base 13?
12018c
-4b3eba (base 16) to base 5
-2230300013
What is -75175 (base 9) in base 11?
-343a1
What is -829648 (base 12) in base 16?
-1f4258
What is 10010111110011110110001 (base 2) in base 12?
17ba929
155cc8 (base 15) to base 4
3330001013
What is -120222220 (base 5) in base 10?
-554685
What is -6051436 (base 9) in base 5?
-1311110122
-636188 (base 9) to base 11
-239422
What is -10223313203 (base 4) in base 9?
-2271762
Convert -32040211 (base 5) to base 7.
-2164604
Convert 42a340 (base 14) to base 10.
2256212
Convert 2164702 (base 8) to base 9.
1080243
Convert 3131320114 (base 5) to base 2.
11000110101100001000011
Convert -23211010210 (base 4) to base 6.
-145020524
What is 20220222201 (base 3) in base 6?
2531031
What is -a537 (base 12) in base 13?
-829c
535a820 (base 11) to base 12
31a8353
What is -303a5 (base 12) in base 7?
-350663
Convert 21030313133 (base 4) to base 6.
123410355
Convert -589d3 (base 14) to base 7.
-1556453
-112000110020202 (base 3) to base 12
-25b29a8
What is 19e60 (base 15) in base 14?
229b2
111022202220011 (base 3) to base 14
d249a5
Convert 14203124 (base 5) to base 10.
147289
1b5e7 (base 15) to base 10
89092
What is -40402 (base 16) in base 10?
-263170
What is -1232332130 (base 4) in base 3?
-212002112102
What is 5958 (base 11) in base 15?
24a7
-2212120122 (base 3) to base 2
-1101110011101011
Convert 11265255 (base 7) to base 5.
223203230
-103203012 (base 5) to base 14
-b7bda
What is 123113a (base 11) in base 5?
1021422311
Convert 19530 (base 14) to base 12.
31146
What is 13a4b98 (base 14) in base 4?
210121031102
-10435303 (base 6) to base 4
-1031023113
Convert 20623511 (base 8) to base 9.
8246885
What is -1ab0cc (base 14) in base 12?
-39b164
Convert -10012112112002 (base 3) to base 6.
-100301432
-300112020 (base 6) to base 10
-5048364
10047563 (base 8) to base 13
591a6c
What is -302013312 (base 4) in base 13?
-725a6
What is -b7d83 (base 14) in base 8?
-1544037
What is -2d165 (base 14) in base 13?
-3c451
11010000111011011001011 (base 2) to base 14
ca2d51
10021010000 (base 3) to base 5
4023413
1030434 (base 9) to base 5
120121404
What is 1ed6 (base 16) in base 14?
2c3c
What is 1d4f9 (base 16) in base 6?
2323453
What is -11112222200211 (base 3) in base 11?
-1403857
Convert 1142435 (base 6) to base 11.
41271
What is -1030303030 (base 4) in base 8?
-1146314
45124417 (base 8) to base 6
544452355
What is 478816 (base 9) in base 7?
2311311
What is -32706 (base 14) in base 15?
-262ae
What is -646661 (base 7) in base 3?
-12201210022
What is 12002222212 (base 3) in base 5?
11204343
542e6 (base 15) to base 5
32023131
What is 7ed0f (base 16) in base 15?
a3d94
What is -1000111110000100001 (base 2) in base 4?
-1013300201
Convert -10011110011010000 (base 2) to base 9.
-133225
What is 130441035 (base 6) in base 16?
27002f
What is -12010031 (base 5) in base 4?
-122313000
Convert -24011133 (base 5) to base 16.
-35997
Convert -2121123113 (base 4) to base 15.
-c630e
What is -219f32 (base 16) in base 7?
-24505013
-212131041 (base 5) to base 12
-372477
Convert -102103101000 (base 4) to base 13.
-cbc87a
What is 429ed5 (base 16) in base 14?
81919b
Convert 23161102 (base 7) to base 5.
1010003030
241052105 (base 6) to base 2
10001010010100101101001
What is -b6719 (base 14) in base 13?
-125618
Convert 110211211201 (base 3) to base 11.
162a71
What is 328d03 (base 15) in base 7?
26323131
476047 (base 8) to base 12
7a2b3
Convert 523735 (base 8) to base 6.
3421433
What is -11777d (base 14) in base 7?
-5034216
What is 227171 (base 8) in base 16?
12e79
56a73 (base 12) to base 13
407b5
Convert 6623 (base 11) to base 9.
12877
9b6c0 (base 14) to base 16
5c1b8
What is -113321204 (base 6) in base 9?
-3888854
212224430 (base 5) to base 10
898740
-88b (base 13) to base 14
-76b
Convert 6475410 (base 8) to base 6.
101110224
Convert 20a7a4 (base 11) to base 5.
41230443
Convert -d208e (base 16) to base 2.
-11010010000010001110
What is 17577747 (base 8) in base 4?
33233333213
Convert -5115160 (base 7) to base 10.
-609259
Convert -6441100 (base 7) to base 13.
-2155ab
15d8d (base 16) to base 14
2487b
What is -201201003 (base 4) in base 5?
-13343113
a06653 (base 11) to base 10
1619280
-17386 (base 15) to base 13
-28212
-1240225 (base 6) to base 13
-2493b
What is 3ebaee (base 15) in base 3?
12200202112122
What is -1252455 (base 6) in base 15?
-157ee
What is -1002265 (base 7) in base 13?
-41c0b
Convert 33202241 (base 7) to base 14.
545791
What is 372b3 (base 13) in base 11?
6a325
Convert 64121 (base 9) to base 12.
2063a
Convert 10343210 (base 6) to base 15.
61919
Convert -77a714 (base 12) to base 2.
-111010001001010000000
Convert -136172 (base 9) to base 2.
-10100010100110100
What is -213002234 (base 5) in base 4?
-3131111021
-115054 (base 7) to base 9
-31671
-1effb0 (base 16) to base 14
-3ac4da
What is 13223132133 (base 4) in base 12?
810b93
-342c02 (base 16) to base 13
-929378
What is -3470311 (base 9) in base 16?
-1ca2db
What is -111220010000022 (base 3) in base 4?
-130022210120
Convert -65c2a (base 14) to base 10.
-246606
-22100220100 (base 3) to base 14
-44030
What is 1221010020102 (base 3) in base 13?
29bc37
What is -74583 (base 9) in base 8?
-140253
-225223 (base 16) to base 12
-905797
-17663674 (base 9) to base 13
-1ac7967
1862c00 (base 13) to base 14
10b8469
Convert -31b8 (base 12) to base 10.
-5468
What is 120442304 (base 5) in base 4?
2021100130
Convert 153b68 (base 16) to base 3.
2121200201201
-626525 (base 8) to base 11
-132485
What is -378735 (base 10) in base 11?
-239605
-4230301 (base 6) to base 13
-72ac6
722892 (base 12) to base 13
4a7ac7
What is -93750 (base 10) in base 15?
-1cba0
Convert 345366 (base 8) to base 13.
41630
What is -1101001001111101011101 (base 2) in base 3?
-20111